
{"id":116,"date":"2021-12-10T11:18:04","date_gmt":"2021-12-10T10:18:04","guid":{"rendered":"https:\/\/przedszkole51.edu.wroclaw.pl\/?page_id=116"},"modified":"2025-05-06T07:25:35","modified_gmt":"2025-05-06T05:25:35","slug":"rodo","status":"publish","type":"page","link":"https:\/\/przedszkole51.edu.wroclaw.pl\/index.php\/rodo\/","title":{"rendered":"RODO"},"content":{"rendered":"<div><\/div>\n<p class=\"x_MsoNormal\">Inspektor Ochrony Danych<\/p>\n<p class=\"x_MsoNormal\">Tomasz Grzybowski<\/p>\n<p class=\"x_MsoNormal\">tel. 501 083 482 lub e-mail: <a href=\"mailto:inspektor@coreconsulting.pl\" target=\"_blank\" rel=\"noopener noreferrer\">inspektor@coreconsulting.pl<\/a><\/p>\n<p class=\"x_MsoNormal\">ul. Stary Rynek 80\/82, 61-772 Pozna\u0144<\/p>\n<p class=\"x_MsoNormal\">Zast\u0119pca Inspektora Ochrony Danych<\/p>\n<p class=\"x_MsoNormal\">Kamila Go\u015bciniak<\/p>\n<p class=\"x_MsoNormal\">e-mail: <a href=\"mailto:k.gosciniak@coreconsulting.pl\" target=\"_blank\" rel=\"noopener noreferrer\">k.gosciniak@coreconsulting.pl<\/a><\/p>\n<p>&nbsp;<\/p>\n<p class=\"x_MsoNormal\"><a href=\"https:\/\/przedszkole51.edu.wroclaw.pl\/wp-content\/uploads\/sites\/69\/2025\/05\/Klauzula-dla-osob-upowaznionych-do-odbioru-dziecka-z-przedszkola.pdf\">Klauzula &#8211; dla os\u00f3b upowa\u017cnionych do odbioru dziecka z przedszkola<\/a><\/p>\n<p class=\"x_MsoNormal\"><a href=\"https:\/\/przedszkole51.edu.wroclaw.pl\/wp-content\/uploads\/sites\/69\/2025\/05\/Klauzula-edukacja-dziecka-w-placowce.pdf\">Klauzula &#8211; edukacja dziecka w plac\u00f3wce<\/a><\/p>\n<p class=\"x_MsoNormal\"><a href=\"https:\/\/przedszkole51.edu.wroclaw.pl\/wp-content\/uploads\/sites\/69\/2025\/05\/Klauzula-ewidencja-wejsc-i-wyjsc.pdf\">Klauzula &#8211; ewidencja wej\u015b\u0107 i wyj\u015b\u0107<\/a><\/p>\n<p class=\"x_MsoNormal\"><a href=\"https:\/\/przedszkole51.edu.wroclaw.pl\/wp-content\/uploads\/sites\/69\/2025\/05\/Klauzula-korespondencja-elektroniczna.pdf\">Klauzula &#8211; korespondencja elektroniczna<\/a><\/p>\n<p class=\"x_MsoNormal\"><a href=\"https:\/\/przedszkole51.edu.wroclaw.pl\/wp-content\/uploads\/sites\/69\/2025\/05\/Klauzula-opiekun-wycieczki.pdf\">Klauzula &#8211; opiekun wycieczki<\/a><\/p>\n<p class=\"x_MsoNormal\"><a href=\"https:\/\/przedszkole51.edu.wroclaw.pl\/wp-content\/uploads\/sites\/69\/2025\/05\/Klauzula-PPK.pdf\">Klauzula &#8211; PPK<\/a><\/p>\n<p class=\"x_MsoNormal\"><a href=\"https:\/\/przedszkole51.edu.wroclaw.pl\/wp-content\/uploads\/sites\/69\/2025\/05\/Klauzula-pracownik-nauczyciel.pdf\">Klauzula &#8211; pracownik &#8211; nauczyciel<\/a><\/p>\n<p class=\"x_MsoNormal\"><a href=\"https:\/\/przedszkole51.edu.wroclaw.pl\/wp-content\/uploads\/sites\/69\/2025\/05\/Klauzula-pracownik-samorzadowy.pdf\">Klauzula &#8211; pracownik samorz\u0105dowy<\/a><\/p>\n<p class=\"x_MsoNormal\"><a href=\"https:\/\/przedszkole51.edu.wroclaw.pl\/wp-content\/uploads\/sites\/69\/2025\/05\/Klauzula-przyjecie-dziecka-w-ramach-dyzuru-wakacyjnego.pdf\">Klauzula &#8211; przyj\u0119cie dziecka w ramach dy\u017curu wakacyjnego<\/a><\/p>\n<p class=\"x_MsoNormal\"><a href=\"https:\/\/przedszkole51.edu.wroclaw.pl\/wp-content\/uploads\/sites\/69\/2025\/05\/Klauzula-rekrutacja-pracownika.pdf\">Klauzula &#8211; rekrutacja pracownika<\/a><\/p>\n<p class=\"x_MsoNormal\"><a href=\"https:\/\/przedszkole51.edu.wroclaw.pl\/wp-content\/uploads\/sites\/69\/2025\/05\/Klauzula-strona-www.pdf\">Klauzula &#8211; strona www<\/a><\/p>\n<p class=\"x_MsoNormal\"><a href=\"https:\/\/przedszkole51.edu.wroclaw.pl\/wp-content\/uploads\/sites\/69\/2025\/05\/Klauzula-umowa-najmu.pdf\">Klauzula &#8211; umowa najmu<\/a><\/p>\n<p class=\"x_MsoNormal\"><a href=\"https:\/\/przedszkole51.edu.wroclaw.pl\/wp-content\/uploads\/sites\/69\/2025\/05\/Klauzula-umowa.pdf\">Klauzula &#8211; umowa<\/a><\/p>\n<p class=\"x_MsoNormal\"><a href=\"https:\/\/przedszkole51.edu.wroclaw.pl\/wp-content\/uploads\/sites\/69\/2025\/05\/Klauzula-wolontariusz.pdf\">Klauzula &#8211; wolontariusz<\/a><\/p>\n<p class=\"x_MsoNormal\"><a href=\"https:\/\/przedszkole51.edu.wroclaw.pl\/wp-content\/uploads\/sites\/69\/2025\/05\/Klauzula-zamowienia-publiczne.pdf\">Klauzula &#8211; zam\u00f3wienia publiczne<\/a><\/p>\n<p class=\"x_MsoNormal\"><a href=\"https:\/\/przedszkole51.edu.wroclaw.pl\/wp-content\/uploads\/sites\/69\/2025\/05\/Klauzula-zlozenie-pisma-w-placowce.pdf\">Klauzula &#8211; z\u0142o\u017cenie pisma w plac\u00f3wce<\/a><\/p>\n<p class=\"x_MsoNormal\"><a href=\"https:\/\/przedszkole51.edu.wroclaw.pl\/wp-content\/uploads\/sites\/69\/2025\/05\/Klauzula-monitoring.pdf\">Klauzula monitoring<\/a><\/p>\n<p class=\"x_MsoNormal\"><a href=\"https:\/\/przedszkole51.edu.wroclaw.pl\/wp-content\/uploads\/sites\/69\/2025\/05\/Klauzula-postepowanie-administracyjne.pdf\">Klauzula post\u0119powanie administracyjne<\/a><\/p>\n<p class=\"x_MsoNormal\"><a href=\"https:\/\/przedszkole51.edu.wroclaw.pl\/wp-content\/uploads\/sites\/69\/2025\/05\/Klauzula-praktykanci.pdf\">Klauzula praktykanci<\/a><\/p>\n<p class=\"x_MsoNormal\"><a href=\"https:\/\/przedszkole51.edu.wroclaw.pl\/wp-content\/uploads\/sites\/69\/2025\/05\/Klauzula-ZFSS.pdf\">Klauzula ZF\u015aS<\/a><\/p>\n<p>&nbsp;<\/p>\n<p class=\"x_MsoNormal\">\n<p class=\"x_MsoNormal\">\n","protected":false},"excerpt":{"rendered":"<p>Inspektor Ochrony Danych Tomasz Grzybowski tel. 501 083 482 lub e-mail: inspektor@coreconsulting.pl ul. Stary Rynek 80\/82, 61-772 Pozna\u0144 Zast\u0119pca Inspektora Ochrony Danych Kamila Go\u015bciniak e-mail: k.gosciniak@coreconsulting.pl &nbsp; Klauzula &#8211; dla [&hellip;]<\/p>\n","protected":false},"author":435,"featured_media":0,"parent":0,"menu_order":0,"comment_status":"closed","ping_status":"closed","template":"","meta":{"ngg_post_thumbnail":0,"footnotes":""},"class_list":["post-116","page","type-page","status-publish","hentry","clearfix"],"_links":{"self":[{"href":"https:\/\/przedszkole51.edu.wroclaw.pl\/index.php\/wp-json\/wp\/v2\/pages\/116","targetHints":{"allow":["GET"]}}],"collection":[{"href":"https:\/\/przedszkole51.edu.wroclaw.pl\/index.php\/wp-json\/wp\/v2\/pages"}],"about":[{"href":"https:\/\/przedszkole51.edu.wroclaw.pl\/index.php\/wp-json\/wp\/v2\/types\/page"}],"author":[{"embeddable":true,"href":"https:\/\/przedszkole51.edu.wroclaw.pl\/index.php\/wp-json\/wp\/v2\/users\/435"}],"replies":[{"embeddable":true,"href":"https:\/\/przedszkole51.edu.wroclaw.pl\/index.php\/wp-json\/wp\/v2\/comments?post=116"}],"version-history":[{"count":15,"href":"https:\/\/przedszkole51.edu.wroclaw.pl\/index.php\/wp-json\/wp\/v2\/pages\/116\/revisions"}],"predecessor-version":[{"id":4847,"href":"https:\/\/przedszkole51.edu.wroclaw.pl\/index.php\/wp-json\/wp\/v2\/pages\/116\/revisions\/4847"}],"wp:attachment":[{"href":"https:\/\/przedszkole51.edu.wroclaw.pl\/index.php\/wp-json\/wp\/v2\/media?parent=116"}],"curies":[{"name":"wp","href":"https:\/\/api.w.org\/{rel}","templated":true}]}}