
{"id":124,"date":"2021-12-10T11:24:51","date_gmt":"2021-12-10T10:24:51","guid":{"rendered":"https:\/\/przedszkole51.edu.wroclaw.pl\/?page_id=124"},"modified":"2025-12-01T20:13:14","modified_gmt":"2025-12-01T19:13:14","slug":"logopedia","status":"publish","type":"page","link":"https:\/\/przedszkole51.edu.wroclaw.pl\/index.php\/zajecia-dodatkowe\/logopedia\/","title":{"rendered":"Logopedia"},"content":{"rendered":"<div class=\"wpb-content-wrapper\"><p>[vc_row][vc_column][vc_column_text]<\/p>\n<p style=\"text-align: center\"><img loading=\"lazy\" decoding=\"async\" class=\"size-medium wp-image-447 aligncenter\" src=\"https:\/\/przedszkole51.edu.wroclaw.pl\/wp-content\/uploads\/sites\/69\/2021\/12\/logopedia-1-300x209.png\" alt=\"Grafika - Logopedia\" width=\"300\" height=\"209\" srcset=\"https:\/\/przedszkole51.edu.wroclaw.pl\/wp-content\/uploads\/sites\/69\/2021\/12\/logopedia-1-300x209.png 300w, https:\/\/przedszkole51.edu.wroclaw.pl\/wp-content\/uploads\/sites\/69\/2021\/12\/logopedia-1.png 482w\" sizes=\"auto, (max-width: 300px) 100vw, 300px\" \/><br \/>\n<strong>DRODZY RODZICE NASZYCH PRZEDSZKOLAK\u00d3W<\/strong><\/p>\n<p>Mowa jest niezwyk\u0142\u0105 zdolno\u015bci\u0105, kt\u00f3r\u0105 posiad\u0142 cz\u0142owiek. Dzi\u0119ki niej mo\u017cemy wyrazi\u0107 nasze uczucia, pragnienia, wymienia\u0107 si\u0119 do\u015bwiadczeniami. To podstawa kszta\u0142towania si\u0119 naszej osobowo\u015bci, kontakt\u00f3w spo\u0142ecznych i sfery intelektualnej i emocjonalnej . Ka\u017cde dziecko powinno nauczy\u0107 si\u0119 mowy. Aby tego dokona\u0107 musi przej\u015b\u0107\u00a0 przez kilka etap\u00f3w. Lata przebywania dziecka w przedszkolu to okres swoistej mowy. Jest to czas uproszcze\u0144, przestawie\u0144, poskracanych wyraz\u00f3w, nowotwor\u00f3w j\u0119zykowych.<\/p>\n<p>Rozw\u00f3j\u00a0 \u00a0ka\u017cdego\u00a0 dziecka\u00a0 \u00a0przebiega\u00a0 indywidualnie,\u00a0 tak\u017ce rozw\u00f3j\u00a0 \u00a0jego\u00a0 mowy.\u00a0 Zdarza si\u0119, \u017ce\u00a0 malec\u00a0 \u00a0przechodzi\u00a0 przez jego\u00a0 \u00a0etapy\u00a0 bardzo\u00a0 szybko, ale je\u015bli\u00a0 granica\u00a0 tolerancji\u00a0 czasowej przesunie si\u0119 o jakie\u015b p\u00f3\u0142 roku, nie ma powodu\u00a0 do niepokoju. R\u00f3\u017cna mo\u017ce by\u0107 te\u017c kolejno\u015b\u0107 pojawiania si\u0119 poszczeg\u00f3lnych g\u0142osek w trakcie rozwoju mowy. Przera\u017conym rodzicom trzylatka, u kt\u00f3rego wyst\u0119puj\u0105 b\u0142\u0119dy artykulacyjne zaleca si\u0119 (obok \u0107wicze\u0144 artykulacyjnych wykonywanych w formie zabawy) sporz\u0105dzenie nagrania, kt\u00f3re pozostawi\u0105 na pami\u0105tk\u0119. Dzieci\u0119ca mowa ma swoje prawa, sw\u00f3j urok, jest niepowtarzalna.<\/p>\n<p>Jak najcz\u0119\u015bciej przebiega rozw\u00f3j mowy przedszkolaka? Ot\u00f3\u017c 3 \u2013 latek ma prawo wymawia\u0107 \u015b,\u017a,\u0107,d\u017a zamiast sz, rz, cz, d\u017c i s, z, c, dz, Mo\u017ce jeszcze nie wymawia\u0107 g\u0142osek k i g. 4 \u2013 latek powinien wymawia\u0107 s, z, c, dz. 5 \u2013 latek powinien wymawia\u0107 sz, \u017c, cz, d\u017c. 6 \u2013 latek powinien wymawia\u0107 r.<\/p>\n<p>Opr\u00f3cz b\u0142\u0119d\u00f3w artykulacyjnych rodzic ma prawo zaniepokoi\u0107 si\u0119, je\u017celi dziecko nie m\u00f3wi b\u0105d\u017a ma problem z prawid\u0142owym oddychaniem, po\u0142ykaniem, spo\u017cywaniem posi\u0142k\u00f3w.<\/p>\n<p>Zaanga\u017cowanie rodzic\u00f3w jest bardzo wa\u017cne dla prawid\u0142owego rozwoju mowy dziecka. Jako logopeda pracuj\u0105cy z Pa\u0144stwa dzie\u0107mi udzielam konsultacji: <strong>wtorek: 7:30 &#8211; 9:00<\/strong>, <strong>\u015broda 14:00 &#8211; 15:30, czwartek 12:00 &#8211; 12:30.<\/strong> Nale\u017cy um\u00f3wi\u0107 si\u0119 wcze\u015bniej dzwoni\u0105c na numer telefonu: 604093863.<\/p>\n<p>&nbsp;<\/p>\n<p>logopeda<\/p>\n<p>Ma\u0142gorzata Modelska[\/vc_column_text][vc_btn title=&#8221;Edukacja domowa&#8221; color=&#8221;primary&#8221; align=&#8221;left&#8221; link=&#8221;url:%2Findex.php%2Fcategory%2Flogopedia-edukacja-domowa%2F&#8221;][\/vc_column][\/vc_row]<\/p>\n<\/div>","protected":false},"excerpt":{"rendered":"<p>[vc_row][vc_column][vc_column_text] DRODZY RODZICE NASZYCH PRZEDSZKOLAK\u00d3W Mowa jest niezwyk\u0142\u0105 zdolno\u015bci\u0105, kt\u00f3r\u0105 posiad\u0142 cz\u0142owiek. Dzi\u0119ki niej mo\u017cemy wyrazi\u0107 nasze uczucia, pragnienia, wymienia\u0107 si\u0119 do\u015bwiadczeniami. To podstawa kszta\u0142towania si\u0119 naszej osobowo\u015bci, kontakt\u00f3w spo\u0142ecznych [&hellip;]<\/p>\n","protected":false},"author":266,"featured_media":0,"parent":4226,"menu_order":0,"comment_status":"closed","ping_status":"closed","template":"","meta":{"ngg_post_thumbnail":0,"footnotes":""},"class_list":["post-124","page","type-page","status-publish","hentry","clearfix"],"_links":{"self":[{"href":"https:\/\/przedszkole51.edu.wroclaw.pl\/index.php\/wp-json\/wp\/v2\/pages\/124","targetHints":{"allow":["GET"]}}],"collection":[{"href":"https:\/\/przedszkole51.edu.wroclaw.pl\/index.php\/wp-json\/wp\/v2\/pages"}],"about":[{"href":"https:\/\/przedszkole51.edu.wroclaw.pl\/index.php\/wp-json\/wp\/v2\/types\/page"}],"author":[{"embeddable":true,"href":"https:\/\/przedszkole51.edu.wroclaw.pl\/index.php\/wp-json\/wp\/v2\/users\/266"}],"replies":[{"embeddable":true,"href":"https:\/\/przedszkole51.edu.wroclaw.pl\/index.php\/wp-json\/wp\/v2\/comments?post=124"}],"version-history":[{"count":14,"href":"https:\/\/przedszkole51.edu.wroclaw.pl\/index.php\/wp-json\/wp\/v2\/pages\/124\/revisions"}],"predecessor-version":[{"id":1803,"href":"https:\/\/przedszkole51.edu.wroclaw.pl\/index.php\/wp-json\/wp\/v2\/pages\/124\/revisions\/1803"}],"up":[{"embeddable":true,"href":"https:\/\/przedszkole51.edu.wroclaw.pl\/index.php\/wp-json\/wp\/v2\/pages\/4226"}],"wp:attachment":[{"href":"https:\/\/przedszkole51.edu.wroclaw.pl\/index.php\/wp-json\/wp\/v2\/media?parent=124"}],"curies":[{"name":"wp","href":"https:\/\/api.w.org\/{rel}","templated":true}]}}