
{"id":4226,"date":"2025-01-29T13:07:57","date_gmt":"2025-01-29T12:07:57","guid":{"rendered":"https:\/\/przedszkole51.edu.wroclaw.pl\/?page_id=4226"},"modified":"2025-12-09T15:02:03","modified_gmt":"2025-12-09T14:02:03","slug":"zajecia-dodatkowe","status":"publish","type":"page","link":"https:\/\/przedszkole51.edu.wroclaw.pl\/index.php\/zajecia-dodatkowe\/","title":{"rendered":"Zaj\u0119cia dodatkowe"},"content":{"rendered":"<p>Nasze przedszkole oferuje liczne zaj\u0119cia dodatkowe realizowane w ramach Podstawy programowej wychowania przedszkolnego. S\u0105 to:<\/p>\n<ul>\n<li>zaj\u0119cia z j\u0119zyka angielskiego,<\/li>\n<li>zaj\u0119cia gimnastyki og\u00f3lnorozwojowej z elementami korekcji,<\/li>\n<li>zaj\u0119cia rytmiczne,<\/li>\n<li>zaj\u0119cia z terapii logopedycznej,<\/li>\n<li>zaj\u0119cia terapeutyczne w ramach pomocy psychologiczno-pedagogicznej.<\/li>\n<\/ul>\n<p>&nbsp;<\/p>\n<p>W naszej plac\u00f3wce dost\u0119pne s\u0105 r\u00f3wnie\u017c zaj\u0119cia komercyjne:<\/p>\n<ul>\n<li>joga dla dzieci,<\/li>\n<li>arytmetyka mentalna,<\/li>\n<li>zaj\u0119cia taneczne,<\/li>\n<li>zaj\u0119cia teatralne,<\/li>\n<li>j\u0119zyk angielski &#8211; muzycznie.<\/li>\n<\/ul>\n<p>&nbsp;<\/p>\n<p>Nasza misja to wielokierunkowy rozw\u00f3j naszych podopiecznych.<\/p>\n<p><img loading=\"lazy\" decoding=\"async\" class=\"wp-image-5613 aligncenter\" src=\"https:\/\/przedszkole51.edu.wroclaw.pl\/wp-content\/uploads\/sites\/69\/2025\/12\/Dzieci1-1-300x300.jpg\" alt=\"\" width=\"290\" height=\"290\" srcset=\"https:\/\/przedszkole51.edu.wroclaw.pl\/wp-content\/uploads\/sites\/69\/2025\/12\/Dzieci1-1-300x300.jpg 300w, https:\/\/przedszkole51.edu.wroclaw.pl\/wp-content\/uploads\/sites\/69\/2025\/12\/Dzieci1-1-150x150.jpg 150w, https:\/\/przedszkole51.edu.wroclaw.pl\/wp-content\/uploads\/sites\/69\/2025\/12\/Dzieci1-1-768x768.jpg 768w, https:\/\/przedszkole51.edu.wroclaw.pl\/wp-content\/uploads\/sites\/69\/2025\/12\/Dzieci1-1.jpg 980w\" sizes=\"auto, (max-width: 290px) 100vw, 290px\" \/><\/p>\n","protected":false},"excerpt":{"rendered":"<p>Nasze przedszkole oferuje liczne zaj\u0119cia dodatkowe realizowane w ramach Podstawy programowej wychowania przedszkolnego. S\u0105 to: zaj\u0119cia z j\u0119zyka angielskiego, zaj\u0119cia gimnastyki og\u00f3lnorozwojowej z elementami korekcji, zaj\u0119cia rytmiczne, zaj\u0119cia z terapii [&hellip;]<\/p>\n","protected":false},"author":435,"featured_media":0,"parent":0,"menu_order":0,"comment_status":"closed","ping_status":"closed","template":"","meta":{"ngg_post_thumbnail":0,"footnotes":""},"class_list":["post-4226","page","type-page","status-publish","hentry","clearfix"],"_links":{"self":[{"href":"https:\/\/przedszkole51.edu.wroclaw.pl\/index.php\/wp-json\/wp\/v2\/pages\/4226","targetHints":{"allow":["GET"]}}],"collection":[{"href":"https:\/\/przedszkole51.edu.wroclaw.pl\/index.php\/wp-json\/wp\/v2\/pages"}],"about":[{"href":"https:\/\/przedszkole51.edu.wroclaw.pl\/index.php\/wp-json\/wp\/v2\/types\/page"}],"author":[{"embeddable":true,"href":"https:\/\/przedszkole51.edu.wroclaw.pl\/index.php\/wp-json\/wp\/v2\/users\/435"}],"replies":[{"embeddable":true,"href":"https:\/\/przedszkole51.edu.wroclaw.pl\/index.php\/wp-json\/wp\/v2\/comments?post=4226"}],"version-history":[{"count":8,"href":"https:\/\/przedszkole51.edu.wroclaw.pl\/index.php\/wp-json\/wp\/v2\/pages\/4226\/revisions"}],"predecessor-version":[{"id":5722,"href":"https:\/\/przedszkole51.edu.wroclaw.pl\/index.php\/wp-json\/wp\/v2\/pages\/4226\/revisions\/5722"}],"wp:attachment":[{"href":"https:\/\/przedszkole51.edu.wroclaw.pl\/index.php\/wp-json\/wp\/v2\/media?parent=4226"}],"curies":[{"name":"wp","href":"https:\/\/api.w.org\/{rel}","templated":true}]}}