
{"id":4362,"date":"2025-02-12T13:01:17","date_gmt":"2025-02-12T12:01:17","guid":{"rendered":"https:\/\/przedszkole51.edu.wroclaw.pl\/?page_id=4362"},"modified":"2025-12-01T20:46:51","modified_gmt":"2025-12-01T19:46:51","slug":"zespol-pomocy-psychologiczno-pedagogicznej","status":"publish","type":"page","link":"https:\/\/przedszkole51.edu.wroclaw.pl\/index.php\/zajecia-dodatkowe\/zespol-pomocy-psychologiczno-pedagogicznej\/","title":{"rendered":"Zesp\u00f3\u0142 Pomocy Psychologiczno-Pedagogicznej"},"content":{"rendered":"<div role=\"heading\" data-animation-nesting=\"\" data-sfc-cp=\"\" data-complete=\"true\" data-processed=\"true\" data-sae=\"\"><\/div>\n<div class=\"otQkpb\" role=\"heading\" data-animation-nesting=\"\" data-sfc-cp=\"\" data-complete=\"true\" data-processed=\"true\" data-sae=\"\"><strong><span style=\"color: #003366\">Nasz Zesp\u00f3\u0142 do Pomocy Psychologiczno-Pedagogicznej\u00a0 wspiera rozw\u00f3j ka\u017cdego dziecka.<\/span><\/strong><\/div>\n<div role=\"heading\" data-animation-nesting=\"\" data-sfc-cp=\"\" data-complete=\"true\" data-processed=\"true\" data-sae=\"\"><\/div>\n<div class=\"Y3BBE\" data-sfc-cp=\"\" data-hveid=\"CAEIAxAA\" data-processed=\"true\" data-complete=\"true\">Witamy w przestrzeni po\u015bwi\u0119conej najwa\u017cniejszemu aspektowi edukacji przedszkolnej: holistycznemu wsparciu i dobrostanowi Pa\u0144stwa Dziecka.<\/div>\n<div class=\"Y3BBE\" data-sfc-cp=\"\" data-hveid=\"CAEIBBAA\" data-processed=\"true\" data-complete=\"true\">W naszym przedszkolu wierzymy, \u017ce ka\u017cde dziecko jest wyj\u0105tkowe i rozwija si\u0119 we w\u0142asnym tempie. Naszym zadaniem jest uwa\u017cna obserwacja, wspieranie mocnych stron oraz reagowanie na wszelkie wyzwania, jakie niesie ze sob\u0105 okres intensywnego rozwoju dziecka.<\/div>\n<div class=\"Fsg96\" data-sfc-cp=\"\" data-complete=\"true\" data-processed=\"true\"><\/div>\n<div role=\"heading\" data-animation-nesting=\"\" data-sfc-cp=\"\" data-complete=\"true\" data-processed=\"true\" data-sae=\"\"><\/div>\n<div class=\"otQkpb\" role=\"heading\" data-animation-nesting=\"\" data-sfc-cp=\"\" data-complete=\"true\" data-processed=\"true\" data-sae=\"\"><span style=\"color: #003366\"><strong>Kim jeste\u015bmy?<\/strong><\/span><\/div>\n<div class=\"Y3BBE\" data-sfc-cp=\"\" data-hveid=\"CAEIBRAA\" data-processed=\"true\" data-complete=\"true\">Nasz Zesp\u00f3\u0142 do Pomocy Psychologiczno-Pedagogicznej to grupa zaanga\u017cowanych specjalist\u00f3w: <strong class=\"Yjhzub\" data-complete=\"true\" data-processed=\"true\">psycholog, pedagog, logopeda<\/strong> oraz <strong class=\"Yjhzub\" data-complete=\"true\" data-processed=\"true\">terapeuta z zakresu gimnastyki korekcyjnej<\/strong>. Pracujemy rami\u0119 w rami\u0119 z wychowawcami grup, tworz\u0105c sp\u00f3jny i kompleksowy system wsparcia, kt\u00f3rego centrum jest zawsze Dziecko.<\/div>\n<div class=\"Fsg96\" data-sfc-cp=\"\" data-complete=\"true\" data-processed=\"true\"><\/div>\n<div role=\"heading\" data-animation-nesting=\"\" data-sfc-cp=\"\" data-processed=\"true\" data-sae=\"\" data-complete=\"true\"><\/div>\n<div class=\"otQkpb\" role=\"heading\" data-animation-nesting=\"\" data-sfc-cp=\"\" data-processed=\"true\" data-sae=\"\" data-complete=\"true\"><span style=\"color: #003366\"><strong>Jak dzia\u0142amy na co dzie\u0144?<\/strong><\/span><\/div>\n<div class=\"Y3BBE\" data-sfc-cp=\"\" data-hveid=\"CAEIBhAA\" data-complete=\"true\" data-processed=\"true\">Nasze dzia\u0142ania koncentruj\u0105 si\u0119 na wczesnym rozpoznawaniu i zaspokajaniu indywidualnych potrzeb rozwojowych i edukacyjnych dzieci. Realizujemy to poprzez:<\/div>\n<ul class=\"KsbFXc U6u95\" style=\"list-style-type: disc\" data-processed=\"true\" data-complete=\"true\">\n<li data-hveid=\"CAEIBxAA\" data-complete=\"true\" data-sae=\"\"><span class=\"T286Pc\" data-sfc-cp=\"\" data-complete=\"true\"><strong class=\"Yjhzub\" data-complete=\"true\">Uwa\u017cn\u0105 obserwacj\u0119:<\/strong> Na bie\u017c\u0105co monitorujemy rozw\u00f3j emocjonalny, spo\u0142eczny i poznawczy dzieci podczas codziennych aktywno\u015bci i zabaw.<\/span><\/li>\n<li data-hveid=\"CAEIBxAB\" data-complete=\"true\" data-sae=\"\"><span class=\"T286Pc\" data-sfc-cp=\"\" data-complete=\"true\"><strong class=\"Yjhzub\" data-complete=\"true\">Indywidualne wsparcie:<\/strong> Organizujemy zaj\u0119cia specjalistyczne dopasowane do konkretnych potrzeb ma\u0142ego odkrywcy.<\/span><\/li>\n<li data-hveid=\"CAEIBxAC\" data-complete=\"true\" data-sae=\"\"><span class=\"T286Pc\" data-sfc-cp=\"\" data-complete=\"true\"><strong class=\"Yjhzub\" data-complete=\"true\">Wsp\u00f3\u0142prac\u0119 z rodzicami:<\/strong> Jeste\u015bmy partnerami w procesie wychowania. Oferujemy konsultacje, porady i wsp\u00f3lne planowanie \u015bcie\u017cek rozwoju, poniewa\u017c to Pa\u0144stwo znaj\u0105 swoje dzieci najlepiej.<\/span><\/li>\n<li data-hveid=\"CAEIBxAD\" data-complete=\"true\" data-sae=\"\"><span class=\"T286Pc\" data-sfc-cp=\"\" data-complete=\"true\"><strong class=\"Yjhzub\" data-complete=\"true\">Integracj\u0119 dzia\u0142a\u0144:<\/strong> Zapewniamy, \u017ce wszelkie formy pomocy s\u0105 skoordynowane i w\u0142\u0105czone w rytm dnia przedszkolnego, tak aby Dziecko czu\u0142o si\u0119 bezpiecznie i komfortowo.<\/span><\/li>\n<\/ul>\n<div class=\"Fsg96\" data-sfc-cp=\"\" data-processed=\"true\" data-complete=\"true\"><\/div>\n<div role=\"heading\" data-animation-nesting=\"\" data-sfc-cp=\"\" data-complete=\"true\" data-processed=\"true\" data-sae=\"\"><\/div>\n<div class=\"otQkpb\" role=\"heading\" data-animation-nesting=\"\" data-sfc-cp=\"\" data-complete=\"true\" data-processed=\"true\" data-sae=\"\"><strong><span style=\"color: #003366\">Nasz cel?<\/span><\/strong><\/div>\n<div class=\"Y3BBE\" data-sfc-cp=\"\" data-hveid=\"CAEICBAA\" data-processed=\"true\" data-complete=\"true\">Sprawi\u0107, by pobyt w przedszkolu by\u0142 dla Pa\u0144stwa pociechy czasem rado\u015bci, ciekawo\u015bci \u015bwiata i budowania solidnych fundament\u00f3w pod przysz\u0142e sukcesy edukacyjne i \u017cyciowe.<\/div>\n<div class=\"Y3BBE\" data-sfc-cp=\"\" data-hveid=\"CAEICRAA\" data-processed=\"true\" data-complete=\"true\">Jeste\u015bmy tu dla Pa\u0144stwa \u2013 zapraszamy do kontaktu i rozmowy z naszymi specjalistami!<\/div>\n<div data-sfc-cp=\"\" data-hveid=\"CAEICRAA\" data-processed=\"true\" data-complete=\"true\"><\/div>\n<div data-sfc-cp=\"\" data-hveid=\"CAEICRAA\" data-processed=\"true\" data-complete=\"true\"><\/div>\n<div data-sfc-cp=\"\" data-hveid=\"CAEICRAA\" data-processed=\"true\" data-complete=\"true\">Pedagog specjalny &#8211; Aleksandra Kluziak<\/div>\n<div data-sfc-cp=\"\" data-hveid=\"CAEICRAA\" data-processed=\"true\" data-complete=\"true\">Psycholog &#8211; Anna Siepiela<\/div>\n<div data-sfc-cp=\"\" data-hveid=\"CAEICRAA\" data-processed=\"true\" data-complete=\"true\"><\/div>\n<div data-sfc-cp=\"\" data-hveid=\"CAEICRAA\" data-processed=\"true\" data-complete=\"true\"><img loading=\"lazy\" decoding=\"async\" class=\"alignnone size-medium wp-image-5627 aligncenter\" src=\"https:\/\/przedszkole51.edu.wroclaw.pl\/wp-content\/uploads\/sites\/69\/2025\/12\/Ochrona-210x300.jpg\" alt=\"\" width=\"210\" height=\"300\" srcset=\"https:\/\/przedszkole51.edu.wroclaw.pl\/wp-content\/uploads\/sites\/69\/2025\/12\/Ochrona-210x300.jpg 210w, https:\/\/przedszkole51.edu.wroclaw.pl\/wp-content\/uploads\/sites\/69\/2025\/12\/Ochrona-717x1024.jpg 717w, https:\/\/przedszkole51.edu.wroclaw.pl\/wp-content\/uploads\/sites\/69\/2025\/12\/Ochrona.jpg 736w\" sizes=\"auto, (max-width: 210px) 100vw, 210px\" \/><\/div>\n","protected":false},"excerpt":{"rendered":"<p>Nasz Zesp\u00f3\u0142 do Pomocy Psychologiczno-Pedagogicznej\u00a0 wspiera rozw\u00f3j ka\u017cdego dziecka. Witamy w przestrzeni po\u015bwi\u0119conej najwa\u017cniejszemu aspektowi edukacji przedszkolnej: holistycznemu wsparciu i dobrostanowi Pa\u0144stwa Dziecka. W naszym przedszkolu wierzymy, \u017ce ka\u017cde dziecko [&hellip;]<\/p>\n","protected":false},"author":435,"featured_media":0,"parent":4226,"menu_order":0,"comment_status":"closed","ping_status":"closed","template":"","meta":{"ngg_post_thumbnail":0,"footnotes":""},"class_list":["post-4362","page","type-page","status-publish","hentry","clearfix"],"_links":{"self":[{"href":"https:\/\/przedszkole51.edu.wroclaw.pl\/index.php\/wp-json\/wp\/v2\/pages\/4362","targetHints":{"allow":["GET"]}}],"collection":[{"href":"https:\/\/przedszkole51.edu.wroclaw.pl\/index.php\/wp-json\/wp\/v2\/pages"}],"about":[{"href":"https:\/\/przedszkole51.edu.wroclaw.pl\/index.php\/wp-json\/wp\/v2\/types\/page"}],"author":[{"embeddable":true,"href":"https:\/\/przedszkole51.edu.wroclaw.pl\/index.php\/wp-json\/wp\/v2\/users\/435"}],"replies":[{"embeddable":true,"href":"https:\/\/przedszkole51.edu.wroclaw.pl\/index.php\/wp-json\/wp\/v2\/comments?post=4362"}],"version-history":[{"count":7,"href":"https:\/\/przedszkole51.edu.wroclaw.pl\/index.php\/wp-json\/wp\/v2\/pages\/4362\/revisions"}],"predecessor-version":[{"id":5633,"href":"https:\/\/przedszkole51.edu.wroclaw.pl\/index.php\/wp-json\/wp\/v2\/pages\/4362\/revisions\/5633"}],"up":[{"embeddable":true,"href":"https:\/\/przedszkole51.edu.wroclaw.pl\/index.php\/wp-json\/wp\/v2\/pages\/4226"}],"wp:attachment":[{"href":"https:\/\/przedszkole51.edu.wroclaw.pl\/index.php\/wp-json\/wp\/v2\/media?parent=4362"}],"curies":[{"name":"wp","href":"https:\/\/api.w.org\/{rel}","templated":true}]}}