
{"id":4388,"date":"2025-02-19T12:38:45","date_gmt":"2025-02-19T11:38:45","guid":{"rendered":"https:\/\/przedszkole51.edu.wroclaw.pl\/?page_id=4388"},"modified":"2025-12-02T20:21:48","modified_gmt":"2025-12-02T19:21:48","slug":"angielski-muzycznie","status":"publish","type":"page","link":"https:\/\/przedszkole51.edu.wroclaw.pl\/index.php\/zajecia-dodatkowe\/angielski-muzycznie\/","title":{"rendered":"Angielski Muzycznie"},"content":{"rendered":"<div data-sfc-cp=\"\" data-hveid=\"CAEIBBAA\" data-processed=\"true\" data-complete=\"true\"><\/div>\n<div class=\"Y3BBE\" data-sfc-cp=\"\" data-hveid=\"CAEIBBAA\" data-processed=\"true\" data-complete=\"true\">\n<div class=\"Y3BBE\" data-sfc-cp=\"\" data-hveid=\"CAEIBBAA\" data-processed=\"true\" data-complete=\"true\">\u201e<strong>J\u0119zyk angielski \u2013 muzycznie\u201d<\/strong> to innowacyjna metoda nauczania j\u0119zyka angielskiego skierowana do najm\u0142odszych dzieci. Podstaw\u0105 zaj\u0119\u0107 jest wykorzystanie piosenek, rymowanek oraz zabaw muzyczno-ruchowych, wpisuj\u0105cych si\u0119 w koncepcj\u0119 nauki poprzez immersj\u0119 i zabaw\u0119.<\/div>\n<div class=\"Y3BBE\" data-sfc-cp=\"\" data-hveid=\"CAEIBRAA\" data-processed=\"true\" data-complete=\"true\">Proces przyswajania j\u0119zyka odbywa si\u0119 w spos\u00f3b naturalny i niewymuszony. Dzieci, anga\u017cuj\u0105c si\u0119 w \u015bpiew i ruch, w efektywny spos\u00f3b zapami\u0119tuj\u0105 nowe s\u0142ownictwo, struktury gramatyczne oraz rozwijaj\u0105 prawid\u0142owy akcent. Metoda ta, poza aspektem j\u0119zykowym, stymuluje tak\u017ce rozw\u00f3j pami\u0119ci s\u0142uchowej, poczucia rytmu oraz umiej\u0119tno\u015bci spo\u0142ecznych.<\/div>\n<div data-sfc-cp=\"\" data-hveid=\"CAEIBRAA\" data-processed=\"true\" data-complete=\"true\"><\/div>\n<div data-sfc-cp=\"\" data-hveid=\"CAEIBRAA\" data-processed=\"true\" data-complete=\"true\">Zaj\u0119cia prowadzi &#8211; Julian Karpiuk<\/div>\n<\/div>\n<div data-sfc-cp=\"\" data-hveid=\"CAEIBRAA\" data-processed=\"true\" data-complete=\"true\"><\/div>\n<div class=\"Y3BBE\" data-sfc-cp=\"\" data-hveid=\"CAEIBBAA\" data-processed=\"true\" data-complete=\"true\">\n<div data-sfc-cp=\"\" data-hveid=\"CAEIBRAA\" data-processed=\"true\" data-complete=\"true\"><img loading=\"lazy\" decoding=\"async\" class=\"alignnone size-medium wp-image-5657 aligncenter\" src=\"https:\/\/przedszkole51.edu.wroclaw.pl\/wp-content\/uploads\/sites\/69\/2025\/12\/ChatGPT-Image-2-gru-2025-20_18_27-300x300.png\" alt=\"\" width=\"300\" height=\"300\" srcset=\"https:\/\/przedszkole51.edu.wroclaw.pl\/wp-content\/uploads\/sites\/69\/2025\/12\/ChatGPT-Image-2-gru-2025-20_18_27-300x300.png 300w, https:\/\/przedszkole51.edu.wroclaw.pl\/wp-content\/uploads\/sites\/69\/2025\/12\/ChatGPT-Image-2-gru-2025-20_18_27-150x150.png 150w, https:\/\/przedszkole51.edu.wroclaw.pl\/wp-content\/uploads\/sites\/69\/2025\/12\/ChatGPT-Image-2-gru-2025-20_18_27-768x768.png 768w, https:\/\/przedszkole51.edu.wroclaw.pl\/wp-content\/uploads\/sites\/69\/2025\/12\/ChatGPT-Image-2-gru-2025-20_18_27.png 1024w\" sizes=\"auto, (max-width: 300px) 100vw, 300px\" \/><\/div>\n<\/div>\n","protected":false},"excerpt":{"rendered":"<p>\u201eJ\u0119zyk angielski \u2013 muzycznie\u201d to innowacyjna metoda nauczania j\u0119zyka angielskiego skierowana do najm\u0142odszych dzieci. Podstaw\u0105 zaj\u0119\u0107 jest wykorzystanie piosenek, rymowanek oraz zabaw muzyczno-ruchowych, wpisuj\u0105cych si\u0119 w koncepcj\u0119 nauki poprzez immersj\u0119 [&hellip;]<\/p>\n","protected":false},"author":435,"featured_media":0,"parent":4226,"menu_order":0,"comment_status":"closed","ping_status":"closed","template":"","meta":{"ngg_post_thumbnail":0,"footnotes":""},"class_list":["post-4388","page","type-page","status-publish","hentry","clearfix"],"_links":{"self":[{"href":"https:\/\/przedszkole51.edu.wroclaw.pl\/index.php\/wp-json\/wp\/v2\/pages\/4388","targetHints":{"allow":["GET"]}}],"collection":[{"href":"https:\/\/przedszkole51.edu.wroclaw.pl\/index.php\/wp-json\/wp\/v2\/pages"}],"about":[{"href":"https:\/\/przedszkole51.edu.wroclaw.pl\/index.php\/wp-json\/wp\/v2\/types\/page"}],"author":[{"embeddable":true,"href":"https:\/\/przedszkole51.edu.wroclaw.pl\/index.php\/wp-json\/wp\/v2\/users\/435"}],"replies":[{"embeddable":true,"href":"https:\/\/przedszkole51.edu.wroclaw.pl\/index.php\/wp-json\/wp\/v2\/comments?post=4388"}],"version-history":[{"count":3,"href":"https:\/\/przedszkole51.edu.wroclaw.pl\/index.php\/wp-json\/wp\/v2\/pages\/4388\/revisions"}],"predecessor-version":[{"id":5658,"href":"https:\/\/przedszkole51.edu.wroclaw.pl\/index.php\/wp-json\/wp\/v2\/pages\/4388\/revisions\/5658"}],"up":[{"embeddable":true,"href":"https:\/\/przedszkole51.edu.wroclaw.pl\/index.php\/wp-json\/wp\/v2\/pages\/4226"}],"wp:attachment":[{"href":"https:\/\/przedszkole51.edu.wroclaw.pl\/index.php\/wp-json\/wp\/v2\/media?parent=4388"}],"curies":[{"name":"wp","href":"https:\/\/api.w.org\/{rel}","templated":true}]}}